{"id":127,"date":"2019-05-27T23:45:58","date_gmt":"2019-05-27T21:45:58","guid":{"rendered":"http:\/\/www.tphasen.de\/wordpress\/?page_id=127"},"modified":"2022-06-16T00:58:48","modified_gmt":"2022-06-15T22:58:48","slug":"team","status":"publish","type":"page","link":"https:\/\/www.tphasen.de\/wordpress\/tphasen-e-v\/konzeption\/team\/","title":{"rendered":"Team"},"content":{"rendered":"\n<p>Unser Team besteht aus der Einrichtungsleitung, acht Erzieherinnen und wird regelm\u00e4\u00dfig durch Berufs- und Jahrespraktikantinnen sowie  durch eine zus\u00e4tzliche Hilfskraft unterst\u00fctzt. Bei max. 30 Kindern bedeutet dies eine gr\u00f6\u00dftm\u00f6gliche individuelle Betreuung, die uns allen  sehr am Herzen liegt.<\/p>\n\n\n\n<figure class=\"wp-block-image size-large\"><img loading=\"lazy\" decoding=\"async\" width=\"1024\" height=\"738\" src=\"https:\/\/www.tphasen.de\/wordpress\/wp-content\/uploads\/2020\/10\/Team-Nelson-web-1024x738.jpg\" alt=\"\" class=\"wp-image-401\" srcset=\"https:\/\/www.tphasen.de\/wordpress\/wp-content\/uploads\/2020\/10\/Team-Nelson-web-1024x738.jpg 1024w, https:\/\/www.tphasen.de\/wordpress\/wp-content\/uploads\/2020\/10\/Team-Nelson-web-300x216.jpg 300w, https:\/\/www.tphasen.de\/wordpress\/wp-content\/uploads\/2020\/10\/Team-Nelson-web-768x553.jpg 768w, https:\/\/www.tphasen.de\/wordpress\/wp-content\/uploads\/2020\/10\/Team-Nelson-web.jpg 1276w\" sizes=\"auto, (max-width: 706px) 89vw, (max-width: 767px) 82vw, 740px\" \/><figcaption>Das Team der TPHasen.<\/figcaption><\/figure>\n\n\n\n<p>Ebenfalls  wichtig ist uns, dass zwischen Eltern und ErzieherInnen st\u00e4ndig regelm\u00e4\u00dfig Einzelgespr\u00e4che angeboten werden und zum anderen &#8222;T\u00fcr- und Angelgespr\u00e4che&#8220; f\u00fcr einen guten Start in den Tag genutzt werden.<strong><br><\/strong><\/p>\n","protected":false},"excerpt":{"rendered":"<p>Unser Team besteht aus der Einrichtungsleitung, acht Erzieherinnen und wird regelm\u00e4\u00dfig durch Berufs- und Jahrespraktikantinnen sowie durch eine zus\u00e4tzliche Hilfskraft unterst\u00fctzt. Bei max. 30 Kindern bedeutet dies eine gr\u00f6\u00dftm\u00f6gliche individuelle Betreuung, die uns allen sehr am Herzen liegt. Ebenfalls wichtig ist uns, dass zwischen Eltern und ErzieherInnen st\u00e4ndig regelm\u00e4\u00dfig Einzelgespr\u00e4che angeboten werden und zum anderen &hellip; <\/p>\n<p class=\"link-more\"><a href=\"https:\/\/www.tphasen.de\/wordpress\/tphasen-e-v\/konzeption\/team\/\" class=\"more-link\"><span class=\"screen-reader-text\">\u201eTeam\u201c<\/span> weiterlesen<\/a><\/p>\n","protected":false},"author":1,"featured_media":0,"parent":30,"menu_order":0,"comment_status":"closed","ping_status":"closed","template":"","meta":{"footnotes":""},"class_list":["post-127","page","type-page","status-publish","hentry"],"_links":{"self":[{"href":"https:\/\/www.tphasen.de\/wordpress\/wp-json\/wp\/v2\/pages\/127","targetHints":{"allow":["GET"]}}],"collection":[{"href":"https:\/\/www.tphasen.de\/wordpress\/wp-json\/wp\/v2\/pages"}],"about":[{"href":"https:\/\/www.tphasen.de\/wordpress\/wp-json\/wp\/v2\/types\/page"}],"author":[{"embeddable":true,"href":"https:\/\/www.tphasen.de\/wordpress\/wp-json\/wp\/v2\/users\/1"}],"replies":[{"embeddable":true,"href":"https:\/\/www.tphasen.de\/wordpress\/wp-json\/wp\/v2\/comments?post=127"}],"version-history":[{"count":4,"href":"https:\/\/www.tphasen.de\/wordpress\/wp-json\/wp\/v2\/pages\/127\/revisions"}],"predecessor-version":[{"id":423,"href":"https:\/\/www.tphasen.de\/wordpress\/wp-json\/wp\/v2\/pages\/127\/revisions\/423"}],"up":[{"embeddable":true,"href":"https:\/\/www.tphasen.de\/wordpress\/wp-json\/wp\/v2\/pages\/30"}],"wp:attachment":[{"href":"https:\/\/www.tphasen.de\/wordpress\/wp-json\/wp\/v2\/media?parent=127"}],"curies":[{"name":"wp","href":"https:\/\/api.w.org\/{rel}","templated":true}]}}

<p>Unser Team besteht aus der Einrichtungsleitung, acht Erzieherinnen und wird regelmäßig durch Berufs- und Jahrespraktikantinnen sowie  durch eine zusätzliche Hilfskraft unterstützt. Bei max. 30 Kindern bedeutet dies eine größtmögliche individuelle Betreuung, die uns allen  sehr am Herzen liegt.</p>



<figure class="wp-block-image size-large"><img loading="lazy" decoding="async" width="1024" height="738" src="https://www.tphasen.de/wordpress/wp-content/uploads/2020/10/Team-Nelson-web-1024x738.jpg" alt="" class="wp-image-401" srcset="https://www.tphasen.de/wordpress/wp-content/uploads/2020/10/Team-Nelson-web-1024x738.jpg 1024w, https://www.tphasen.de/wordpress/wp-content/uploads/2020/10/Team-Nelson-web-300x216.jpg 300w, https://www.tphasen.de/wordpress/wp-content/uploads/2020/10/Team-Nelson-web-768x553.jpg 768w, https://www.tphasen.de/wordpress/wp-content/uploads/2020/10/Team-Nelson-web.jpg 1276w" sizes="auto, (max-width: 706px) 89vw, (max-width: 767px) 82vw, 740px" /><figcaption>Das Team der TPHasen.</figcaption></figure>



<p>Ebenfalls  wichtig ist uns, dass zwischen Eltern und ErzieherInnen ständig regelmäßig Einzelgespräche angeboten werden und zum anderen &#8222;Tür- und Angelgespräche&#8220; für einen guten Start in den Tag genutzt werden.<strong><br></strong></p>

<p>Unser Team besteht aus der Einrichtungsleitung, acht Erzieherinnen und wird regelmäßig durch Berufs- und Jahrespraktikantinnen sowie durch eine zusätzliche Hilfskraft unterstützt. Bei max. 30 Kindern bedeutet dies eine größtmögliche individuelle Betreuung, die uns allen sehr am Herzen liegt. Ebenfalls wichtig ist uns, dass zwischen Eltern und ErzieherInnen ständig regelmäßig Einzelgespräche angeboten werden und zum anderen &hellip; </p>
<p class="link-more"><a href="https://www.tphasen.de/wordpress/tphasen-e-v/konzeption/team/" class="more-link"><span class="screen-reader-text">„Team“</span> weiterlesen</a></p>
