{"id":28,"date":"2019-05-27T22:22:54","date_gmt":"2019-05-27T20:22:54","guid":{"rendered":"http:\/\/www.tphasen.de\/wordpress\/?page_id=28"},"modified":"2025-09-09T14:52:25","modified_gmt":"2025-09-09T12:52:25","slug":"flohmarkt","status":"publish","type":"page","link":"https:\/\/www.tphasen.de\/wordpress\/tphasen-e-v\/flohmarkt\/","title":{"rendered":"Flohmarkt"},"content":{"rendered":"\n<p><\/p>\n\n\n\n<p>Unser letzter Flohmarkt fand am 06. September 2024 statt und war wieder ein gro\u00dfer Erfolg. Klein und Gro\u00df, Jung und Alt &#8211; viele Menschen machten sich auf den Weg ins TPH, um ein paar Schn\u00e4ppchen zu ergattern, Cocktails zu schl\u00fcrfen oder Hot Dogs und Waffeln zu essen. Um ein paar Eindr\u00fccke zu gewinnen, m\u00f6chten wir an dieser Stelle einige Fotos zur Verf\u00fcgung stellen.<br>Wir freuen uns schon jetzt auf den n\u00e4chsten Flohmarkt und geben den n\u00e4chsten Termin ab Fr\u00fchjahr 2026 bekannt.<\/p>\n\n\n\n<p><\/p>\n\n\n\n<p><\/p>\n\n\n\n<figure class=\"wp-block-gallery has-nested-images columns-default is-cropped wp-block-gallery-1 is-layout-flex wp-block-gallery-is-layout-flex\">\n<figure class=\"wp-block-image size-large\"><img loading=\"lazy\" decoding=\"async\" width=\"768\" height=\"1024\" data-id=\"662\" src=\"https:\/\/www.tphasen.de\/wordpress\/wp-content\/uploads\/2023\/10\/IMG_2692-768x1024.jpg\" alt=\"\" class=\"wp-image-662\" srcset=\"https:\/\/www.tphasen.de\/wordpress\/wp-content\/uploads\/2023\/10\/IMG_2692-768x1024.jpg 768w, https:\/\/www.tphasen.de\/wordpress\/wp-content\/uploads\/2023\/10\/IMG_2692-150x200.jpg 150w, https:\/\/www.tphasen.de\/wordpress\/wp-content\/uploads\/2023\/10\/IMG_2692-1152x1536.jpg 1152w, https:\/\/www.tphasen.de\/wordpress\/wp-content\/uploads\/2023\/10\/IMG_2692.jpg 1512w\" sizes=\"auto, (max-width: 706px) 89vw, (max-width: 767px) 82vw, 740px\" \/><\/figure>\n\n\n\n<figure class=\"wp-block-image size-large\"><img loading=\"lazy\" decoding=\"async\" width=\"1024\" height=\"768\" data-id=\"663\" src=\"https:\/\/www.tphasen.de\/wordpress\/wp-content\/uploads\/2023\/10\/IMG_2691-1024x768.jpg\" alt=\"\" class=\"wp-image-663\" srcset=\"https:\/\/www.tphasen.de\/wordpress\/wp-content\/uploads\/2023\/10\/IMG_2691-1024x768.jpg 1024w, https:\/\/www.tphasen.de\/wordpress\/wp-content\/uploads\/2023\/10\/IMG_2691-200x150.jpg 200w, https:\/\/www.tphasen.de\/wordpress\/wp-content\/uploads\/2023\/10\/IMG_2691-768x576.jpg 768w, https:\/\/www.tphasen.de\/wordpress\/wp-content\/uploads\/2023\/10\/IMG_2691-1536x1152.jpg 1536w, https:\/\/www.tphasen.de\/wordpress\/wp-content\/uploads\/2023\/10\/IMG_2691.jpg 2016w\" sizes=\"auto, (max-width: 706px) 89vw, (max-width: 767px) 82vw, 740px\" \/><\/figure>\n\n\n\n<figure class=\"wp-block-image size-large\"><img loading=\"lazy\" decoding=\"async\" width=\"768\" height=\"1024\" data-id=\"664\" src=\"https:\/\/www.tphasen.de\/wordpress\/wp-content\/uploads\/2023\/10\/IMG_2687-768x1024.jpg\" alt=\"\" class=\"wp-image-664\" srcset=\"https:\/\/www.tphasen.de\/wordpress\/wp-content\/uploads\/2023\/10\/IMG_2687-768x1024.jpg 768w, https:\/\/www.tphasen.de\/wordpress\/wp-content\/uploads\/2023\/10\/IMG_2687-150x200.jpg 150w, https:\/\/www.tphasen.de\/wordpress\/wp-content\/uploads\/2023\/10\/IMG_2687-1152x1536.jpg 1152w, https:\/\/www.tphasen.de\/wordpress\/wp-content\/uploads\/2023\/10\/IMG_2687.jpg 1512w\" sizes=\"auto, (max-width: 706px) 89vw, (max-width: 767px) 82vw, 740px\" \/><\/figure>\n<\/figure>\n\n\n\n<p><\/p>\n\n\n\n<p><\/p>\n\n\n\n<h2 class=\"wp-block-heading has-text-align-center\"><\/h2>\n\n\n\n<p>Falls Sie Fragen zu unserem Flohmarkt haben, senden Sie uns bitte eine E-Mail an: <a href=\"mailto:flohmarkt@tphasen.de\" data-type=\"mailto\" data-id=\"mailto:flohmarkt.tphasen@web.de\">flohmarkt@tphasen.de.<\/a><\/p>\n\n\n\n<p><strong>Bitte rufen Sie nicht in der KiTa an und schreiben Sie keine E-Mail an info@tphasen.de. Das Team (KiTa Leitung und Erzieherinnen) kann Ihnen bei Fragen zum Flohmarkt nicht weiterhelfen.<\/strong><\/p>\n\n\n\n<h4 class=\"wp-block-heading\">Anmeldung<\/h4>\n\n\n\n<p><\/p>\n\n\n\n<p>Die Anmeldung ist geschlossen. Es sind momentan keine Anmeldungen m\u00f6glich.<\/p>\n\n\n\n<p><\/p>\n\n\n\n<p>Da erfahrungsgem\u00e4\u00df mehr Anfragen eingehen als wir Standpl\u00e4tze vergeben k\u00f6nnen, gilt in diesem Jahr (anders als oben angegeben) das Prinzip: First come, first served! Wer zuerst kommt, bekommt einen der begehrten Pl\u00e4tze.<\/p>\n\n\n\n<p>Aufgrund  der hohen Nachfrage und damit m\u00f6glichst viele Interessenten eine Chance  haben, bieten wir derzeit nur 1 Stellplatz \u00e1 3 Meter pro Registrierung  an. Wenn Sie gerne mit einer bestimmten Person, die sich ebenfalls  registriert hat, nebeneinander stehen m\u00f6chten, k\u00f6nnen Sie dies im  Bemerkungsfeld angeben.<\/p>\n\n\n\n<h4 class=\"wp-block-heading\">Organisatorisches<\/h4>\n\n\n\n<div class=\"wp-block-columns is-layout-flex wp-container-core-columns-is-layout-9d6595d7 wp-block-columns-is-layout-flex\">\n<div class=\"wp-block-column is-layout-flow wp-block-column-is-layout-flow\" style=\"flex-basis:100%\">\n<ul class=\"wp-block-list\">\n<li>Der Flohmarkt beginnt um <strong>18.00&nbsp;Uhr<\/strong> und endet um <strong>21.00&nbsp;Uhr<\/strong>.&nbsp;<\/li>\n\n\n\n<li>Aufbau ist ab 17.15 Uhr erlaubt, Abbau ab 20:45 Uhr.<\/li>\n\n\n\n<li>In der Woche vor dem Termin erh\u00e4lt jeder Aussteller eine E-Mail mit der ausgelosten Standnummer.<\/li>\n\n\n\n<li>Der Flohmarkt findet in der \u00fcberdachten Liefergasse des&nbsp;TPH1 statt.<\/li>\n\n\n\n<li>Bitte beachten Sie, dass die Veranstaltungsfl\u00e4che zwar \u00fcberdacht, aber nicht beheizt ist.<\/li>\n\n\n\n<li>Bitte bringen Sie Ihre eigenen&nbsp;Tische mit.<\/li>\n\n\n\n<li>Die Standgeb\u00fchr (je 3m Stand) betr\u00e4gt<strong>&nbsp;15 Euro<\/strong>  und ist vorab per Bank\u00fcberweisung zu entrichten. Die  Bankverbindung erhalten Sie zusammen mit der Anmeldebest\u00e4tigung. Wenn Sie nach Ihrer Anmeldung dennoch verhindert sind und von der  Anmeldung zur\u00fccktreten m\u00f6chten, bem\u00fchen wir uns, den Stand weiterzuvermitteln und k\u00f6nnen Ihnen bei einer erfolgreichen Weitervermittlung des Standes die Geb\u00fchr r\u00fcckerstatten. Dabei gilt nat\u00fcrlich: Je eher wir Bescheid bekommen, desto gr\u00f6\u00dfer sind die Chancen auf eine Weitergabe des Platzes.<\/li>\n<\/ul>\n<\/div>\n<\/div>\n\n\n\n<h4 class=\"wp-block-heading\">Datenschutz<\/h4>\n\n\n\n<p>Im Sinne\nder Ende Mai 2018 in Kraft getretenen Datenschutzverordnung informieren wir Sie\ndar\u00fcber, dass die von Ihnen angegebenen Daten im Registrierungsformular\nvertraulich behandelt und in keinem Fall an Dritte weitergegeben werden. Sie\ndienen ausschlie\u00dflich Ihrer Registrierung zum TPHasen-Flohmarkt und erm\u00f6glichen\nuns die Kontaktaufnahme mit Ihnen. Kontakt nehmen wir in der Regel per Mail\noder in kurzfristigen Angelegenheiten per Telefon auf. Die Adressangabe dient\nlediglich der Sicherstellung, dass pro Haushalt nur eine Registrierung erfolgt.<\/p>\n","protected":false},"excerpt":{"rendered":"<p>Unser letzter Flohmarkt fand am 06. September 2024 statt und war wieder ein gro\u00dfer Erfolg. Klein und Gro\u00df, Jung und Alt &#8211; viele Menschen machten sich auf den Weg ins TPH, um ein paar Schn\u00e4ppchen zu ergattern, Cocktails zu schl\u00fcrfen oder Hot Dogs und Waffeln zu essen. Um ein paar Eindr\u00fccke zu gewinnen, m\u00f6chten wir &hellip; <\/p>\n<p class=\"link-more\"><a href=\"https:\/\/www.tphasen.de\/wordpress\/tphasen-e-v\/flohmarkt\/\" class=\"more-link\"><span class=\"screen-reader-text\">\u201eFlohmarkt\u201c<\/span> weiterlesen<\/a><\/p>\n","protected":false},"author":1,"featured_media":0,"parent":6,"menu_order":0,"comment_status":"closed","ping_status":"closed","template":"","meta":{"footnotes":""},"class_list":["post-28","page","type-page","status-publish","hentry"],"_links":{"self":[{"href":"https:\/\/www.tphasen.de\/wordpress\/wp-json\/wp\/v2\/pages\/28","targetHints":{"allow":["GET"]}}],"collection":[{"href":"https:\/\/www.tphasen.de\/wordpress\/wp-json\/wp\/v2\/pages"}],"about":[{"href":"https:\/\/www.tphasen.de\/wordpress\/wp-json\/wp\/v2\/types\/page"}],"author":[{"embeddable":true,"href":"https:\/\/www.tphasen.de\/wordpress\/wp-json\/wp\/v2\/users\/1"}],"replies":[{"embeddable":true,"href":"https:\/\/www.tphasen.de\/wordpress\/wp-json\/wp\/v2\/comments?post=28"}],"version-history":[{"count":55,"href":"https:\/\/www.tphasen.de\/wordpress\/wp-json\/wp\/v2\/pages\/28\/revisions"}],"predecessor-version":[{"id":762,"href":"https:\/\/www.tphasen.de\/wordpress\/wp-json\/wp\/v2\/pages\/28\/revisions\/762"}],"up":[{"embeddable":true,"href":"https:\/\/www.tphasen.de\/wordpress\/wp-json\/wp\/v2\/pages\/6"}],"wp:attachment":[{"href":"https:\/\/www.tphasen.de\/wordpress\/wp-json\/wp\/v2\/media?parent=28"}],"curies":[{"name":"wp","href":"https:\/\/api.w.org\/{rel}","templated":true}]}}