{"id":451,"date":"2022-06-16T01:03:11","date_gmt":"2022-06-15T23:03:11","guid":{"rendered":"https:\/\/www.tphasen.de\/wordpress\/?page_id=451"},"modified":"2022-06-16T01:03:11","modified_gmt":"2022-06-15T23:03:11","slug":"ausbildung","status":"publish","type":"page","link":"https:\/\/www.tphasen.de\/wordpress\/tphasen-e-v\/konzeption\/ausbildung\/","title":{"rendered":"Ausbildung"},"content":{"rendered":"\n<p>Ab dem 1. August 2022 bilden wir eine neue Mitarbeiterin in einer zweij\u00e4hrigen praxisintegrierten Ausbildung zur Kinderpflegerin aus.<\/p>\n\n\n\n<p>Die Ausbildung erfolgt mit finanzieller Unterst\u00fctzung des Landes Nordrhein-Westfalen und des Europ\u00e4ischen Sozialfonds \/ REACT-EU als Teil der Reaktion der Union auf die COVID-19-Pandemie<\/p>\n\n\n\n<figure class=\"wp-block-image size-large\"><img loading=\"lazy\" decoding=\"async\" width=\"1024\" height=\"238\" src=\"https:\/\/www.tphasen.de\/wordpress\/wp-content\/uploads\/2022\/06\/eu-react_esf_mags_ueberschrift_rgb-1024x238.jpg\" alt=\"\" class=\"wp-image-452\" srcset=\"https:\/\/www.tphasen.de\/wordpress\/wp-content\/uploads\/2022\/06\/eu-react_esf_mags_ueberschrift_rgb-1024x238.jpg 1024w, https:\/\/www.tphasen.de\/wordpress\/wp-content\/uploads\/2022\/06\/eu-react_esf_mags_ueberschrift_rgb-300x70.jpg 300w, https:\/\/www.tphasen.de\/wordpress\/wp-content\/uploads\/2022\/06\/eu-react_esf_mags_ueberschrift_rgb-768x178.jpg 768w, https:\/\/www.tphasen.de\/wordpress\/wp-content\/uploads\/2022\/06\/eu-react_esf_mags_ueberschrift_rgb-1536x357.jpg 1536w, https:\/\/www.tphasen.de\/wordpress\/wp-content\/uploads\/2022\/06\/eu-react_esf_mags_ueberschrift_rgb-2048x475.jpg 2048w\" sizes=\"auto, (max-width: 706px) 89vw, (max-width: 767px) 82vw, 740px\" \/><\/figure>\n","protected":false},"excerpt":{"rendered":"<p>Ab dem 1. August 2022 bilden wir eine neue Mitarbeiterin in einer zweij\u00e4hrigen praxisintegrierten Ausbildung zur Kinderpflegerin aus. Die Ausbildung erfolgt mit finanzieller Unterst\u00fctzung des Landes Nordrhein-Westfalen und des Europ\u00e4ischen Sozialfonds \/ REACT-EU als Teil der Reaktion der Union auf die COVID-19-Pandemie<\/p>\n","protected":false},"author":1,"featured_media":0,"parent":30,"menu_order":0,"comment_status":"closed","ping_status":"closed","template":"","meta":{"footnotes":""},"class_list":["post-451","page","type-page","status-publish","hentry"],"_links":{"self":[{"href":"https:\/\/www.tphasen.de\/wordpress\/wp-json\/wp\/v2\/pages\/451","targetHints":{"allow":["GET"]}}],"collection":[{"href":"https:\/\/www.tphasen.de\/wordpress\/wp-json\/wp\/v2\/pages"}],"about":[{"href":"https:\/\/www.tphasen.de\/wordpress\/wp-json\/wp\/v2\/types\/page"}],"author":[{"embeddable":true,"href":"https:\/\/www.tphasen.de\/wordpress\/wp-json\/wp\/v2\/users\/1"}],"replies":[{"embeddable":true,"href":"https:\/\/www.tphasen.de\/wordpress\/wp-json\/wp\/v2\/comments?post=451"}],"version-history":[{"count":1,"href":"https:\/\/www.tphasen.de\/wordpress\/wp-json\/wp\/v2\/pages\/451\/revisions"}],"predecessor-version":[{"id":453,"href":"https:\/\/www.tphasen.de\/wordpress\/wp-json\/wp\/v2\/pages\/451\/revisions\/453"}],"up":[{"embeddable":true,"href":"https:\/\/www.tphasen.de\/wordpress\/wp-json\/wp\/v2\/pages\/30"}],"wp:attachment":[{"href":"https:\/\/www.tphasen.de\/wordpress\/wp-json\/wp\/v2\/media?parent=451"}],"curies":[{"name":"wp","href":"https:\/\/api.w.org\/{rel}","templated":true}]}}